{"id":1359,"date":"2019-04-01T10:14:55","date_gmt":"2019-04-01T08:14:55","guid":{"rendered":"https:\/\/www.hans-platschek-stiftung.de\/?post_type=portfolio&#038;p=1359"},"modified":"2021-12-10T18:56:03","modified_gmt":"2021-12-10T17:56:03","slug":"ausstellungen","status":"publish","type":"portfolio","link":"https:\/\/www.hans-platschek-stiftung.de\/?portfolio=ausstellungen","title":{"rendered":"Ausstellungen"},"content":{"rendered":"\n<style type=\"text\/css\" data-created_by=\"avia_inline_auto\" id=\"style-css-av-av_heading-4ac38b1f4b82edd36efea5e65fce227d\">\n#top .av-special-heading.av-av_heading-4ac38b1f4b82edd36efea5e65fce227d{\nmargin:0 -30px 0 0;\npadding-bottom:10px;\n}\nbody .av-special-heading.av-av_heading-4ac38b1f4b82edd36efea5e65fce227d .av-special-heading-tag .heading-char{\nfont-size:25px;\n}\n.av-special-heading.av-av_heading-4ac38b1f4b82edd36efea5e65fce227d .av-subheading{\nfont-size:15px;\n}\n<\/style>\n<div  class='av-special-heading av-av_heading-4ac38b1f4b82edd36efea5e65fce227d av-special-heading-h3  avia-builder-el-0  el_before_av_layout_row  avia-builder-el-no-sibling  av-linked-heading'><h3 class='av-special-heading-tag'  itemprop=\"headline\"  >Ausstellungen<\/h3><div class=\"special-heading-border\"><div class=\"special-heading-inner-border\"><\/div><\/div><\/div>\n<\/div><\/div><\/div><!-- close content main div --><\/div><\/div><div id='av-layout-grid-1'  class='av-layout-grid-container av-1qm4hr-6439e3d1643f679b25303c51e40d2761 entry-content-wrapper main_color av-flex-cells  avia-builder-el-1  el_after_av_heading  avia-builder-el-last  grid-row-not-first  container_wrap fullsize'  >\n\n<style type=\"text\/css\" data-created_by=\"avia_inline_auto\" id=\"style-css-av-m5c1r-d064eadb0c6494bfd1161261dd777269\">\n.flex_cell.av-m5c1r-d064eadb0c6494bfd1161261dd777269{\nvertical-align:top;\n}\n.responsive #top #wrap_all .flex_cell.av-m5c1r-d064eadb0c6494bfd1161261dd777269{\npadding:30px 30px 30px 50px !important;\n}\n<\/style>\n<div class='flex_cell av-m5c1r-d064eadb0c6494bfd1161261dd777269 av-gridrow-cell av_one_third no_margin  avia-builder-el-2  el_before_av_cell_one_third  avia-builder-el-first ' ><div class='flex_cell_inner'><p>\n<style type=\"text\/css\" data-created_by=\"avia_inline_auto\" id=\"style-css-av-av_heading-0c20d6d37c564f761cc6a2b9cb3aa509\">\n#top .av-special-heading.av-av_heading-0c20d6d37c564f761cc6a2b9cb3aa509{\nmargin:0 0 80px 0;\npadding-bottom:50px;\n}\nbody .av-special-heading.av-av_heading-0c20d6d37c564f761cc6a2b9cb3aa509 .av-special-heading-tag .heading-char{\nfont-size:25px;\n}\n.av-special-heading.av-av_heading-0c20d6d37c564f761cc6a2b9cb3aa509 .av-subheading{\nfont-size:15px;\n}\n<\/style>\n<div  class='av-special-heading av-av_heading-0c20d6d37c564f761cc6a2b9cb3aa509 av-special-heading-h4  avia-builder-el-3  el_before_av_textblock  avia-builder-el-first  av-linked-heading'><h4 class='av-special-heading-tag'  itemprop=\"headline\"  >International<br \/>\n<\/h4><div class=\"special-heading-border\"><div class=\"special-heading-inner-border\"><\/div><\/div><\/div><br \/>\n<section  class='av_textblock_section av-jr9ezqtj-7bf662452248a8dc95d79a59c2ff1783'  itemscope=\"itemscope\" itemtype=\"https:\/\/schema.org\/CreativeWork\" ><div class='avia_textblock'  itemprop=\"text\" ><ul>\n<li>art Karlsruhe, seit 2008<\/li>\n<li>Wanderausstellung in D\u00e4nemark, 1981,<br \/>\nKunsthalle Nikolaj, Kopenhagen und weitere Stationen<\/li>\n<li>Graphik des Informel, Kunsthalle N\u00fcrnberg, 1975<\/li>\n<li>European Art today, USA, 1959<\/li>\n<li>documenta 2, Kassel, 1959<\/li>\n<li>5. Biennale, S\u00e3o Paolo, 1959<\/li>\n<li>Biennale Tokio, 1958<\/li>\n<li>Biennale San Marino, 1958<\/li>\n<li>XXIX. Biennale Venedig, 1958<\/li>\n<\/ul>\n<\/div><\/section><\/p>\n<\/div><\/div>\n<style type=\"text\/css\" data-created_by=\"avia_inline_auto\" id=\"style-css-av-m5c1r-464fc51bb26b72810f56aabde5d79d93\">\n.flex_cell.av-m5c1r-464fc51bb26b72810f56aabde5d79d93{\nvertical-align:top;\n}\n.responsive #top #wrap_all .flex_cell.av-m5c1r-464fc51bb26b72810f56aabde5d79d93{\npadding:30px 30px 30px 30px !important;\n}\n<\/style>\n<div class='flex_cell av-m5c1r-464fc51bb26b72810f56aabde5d79d93 av-gridrow-cell av_one_third no_margin  avia-builder-el-5  el_after_av_cell_one_third  el_before_av_cell_one_third ' ><div class='flex_cell_inner'><p>\n<style type=\"text\/css\" data-created_by=\"avia_inline_auto\" id=\"style-css-av-av_heading-77b4358acdcc508caf79be9b52de465d\">\n#top .av-special-heading.av-av_heading-77b4358acdcc508caf79be9b52de465d{\nmargin:0 0 40px 0;\npadding-bottom:40px;\n}\nbody .av-special-heading.av-av_heading-77b4358acdcc508caf79be9b52de465d .av-special-heading-tag .heading-char{\nfont-size:25px;\n}\n.av-special-heading.av-av_heading-77b4358acdcc508caf79be9b52de465d .av-subheading{\nfont-size:15px;\n}\n<\/style>\n<div  class='av-special-heading av-av_heading-77b4358acdcc508caf79be9b52de465d av-special-heading-h4  avia-builder-el-6  el_before_av_textblock  avia-builder-el-first  av-linked-heading'><h4 class='av-special-heading-tag'  itemprop=\"headline\"  >National<\/h4><div class=\"special-heading-border\"><div class=\"special-heading-inner-border\"><\/div><\/div><\/div><br \/>\n<section  class='av_textblock_section av-jr9f1s3r-484dd514651801c01bef718b8a4987d1'  itemscope=\"itemscope\" itemtype=\"https:\/\/schema.org\/CreativeWork\" ><div class='avia_textblock'  itemprop=\"text\" ><ul>\n<li>Westwendischer Kunstverein, Gartow, 2006<\/li>\n<li>Galerie Alte Reichsvogtei, Schweinfurt, 2006<\/li>\n<li>Ernst-Barlach-Haus \u2013 Stiftung Hermann F. Reemtsma, Hamburg, 2003<\/li>\n<li>Sinclair-Haus, Bad Homburg vor der H\u00f6he, 1999<\/li>\n<li>Kunsthalle in Emden, Stiftung Henri und Eske Nannen, 1998\/1999<\/li>\n<li>Galerie Gabriele von Loeper, Hamburg und<br \/>\nGalerie Eva Poll, Berlin, 1998<\/li>\n<li>Galerie Walter Bischof, Stuttgart, 1993<\/li>\n<li>Bawag Foundation, Wien 1993<\/li>\n<li>Galerie Gabriele von Loeper, Hamburg, 1989<\/li>\n<li>Museum Folkwang, Essen, 1988\/89<\/li>\n<li>Kunsthalle Kiel, 1988<\/li>\n<li>Kunsthalle Rostock, 1988<\/li>\n<li>Landesmuseum Oldenburg, 1961<\/li>\n<li>Galerie van de Loo, M\u00fcnchen, 1959 und 1960<br \/>\n(von da an regelm\u00e4\u00dfige Ausstellungen in der Galerie)<\/li>\n<li>M\u00e4rkisches Museum, Witten, 1955\/58<\/li>\n<li>Galerie van de Loo, M\u00fcnchen, 1957<\/li>\n<\/ul>\n<\/div><\/section><\/p>\n<\/div><\/div>\n<style type=\"text\/css\" data-created_by=\"avia_inline_auto\" id=\"style-css-av-m5c1r-464fc51bb26b72810f56aabde5d79d93\">\n.flex_cell.av-m5c1r-464fc51bb26b72810f56aabde5d79d93{\nvertical-align:top;\n}\n.responsive #top #wrap_all .flex_cell.av-m5c1r-464fc51bb26b72810f56aabde5d79d93{\npadding:30px 30px 30px 30px !important;\n}\n<\/style>\n<div class='flex_cell av-m5c1r-464fc51bb26b72810f56aabde5d79d93 av-gridrow-cell av_one_third no_margin  avia-builder-el-8  el_after_av_cell_one_third  avia-builder-el-last ' ><div class='flex_cell_inner'><p>\n<style type=\"text\/css\" data-created_by=\"avia_inline_auto\" id=\"style-css-av-av_heading-562184ce5fa6e509a532e9b6b9fca0c6\">\n#top .av-special-heading.av-av_heading-562184ce5fa6e509a532e9b6b9fca0c6{\nmargin:0 0 80px 0;\npadding-bottom:40px;\n}\nbody .av-special-heading.av-av_heading-562184ce5fa6e509a532e9b6b9fca0c6 .av-special-heading-tag .heading-char{\nfont-size:25px;\n}\n.av-special-heading.av-av_heading-562184ce5fa6e509a532e9b6b9fca0c6 .av-subheading{\nfont-size:15px;\n}\n<\/style>\n<div  class='av-special-heading av-av_heading-562184ce5fa6e509a532e9b6b9fca0c6 av-special-heading-h4  avia-builder-el-9  el_before_av_textblock  avia-builder-el-first  av-linked-heading'><h4 class='av-special-heading-tag'  itemprop=\"headline\"  ><br \/>\n<\/h4><div class=\"special-heading-border\"><div class=\"special-heading-inner-border\"><\/div><\/div><\/div><br \/>\n<section  class='av_textblock_section av-jr9f5230-2b0d7d9e9eebe26968b4f49efa976873'  itemscope=\"itemscope\" itemtype=\"https:\/\/schema.org\/CreativeWork\" ><div class='avia_textblock'  itemprop=\"text\" ><ul>\n<li>Ausstellung in der <a href=\"https:\/\/galerie-friesen.de\/\">Galerie Margareta Friesen<\/a>\/Dresden,<br \/>\nvom 15. M\u00e4rz bis 31 Mai 2014. Die Galerie zeigte in ihrer Fr\u00fchjahrs-Verkaufsausstellung &#8222;Meistergrafik&#8220; neben Arbeiten von Picasso, Mir\u00f3, Braque und Chagall auch eine Originalgrafik von Hans Platschek<\/li>\n<li>Ausstellung vom 31. Januar bis 15. M\u00e4rz 2009<br \/>\n<span style=\"color: #9c0f3a;\">Hans Platschek und seine Hamburger Freunde Florian K\u00f6hler, Heinz Gl\u00fcsing und K.R.H. Sonderborg<\/span><br \/>\nMuseum f\u00fcr das F\u00fcrstentum L\u00fcneburg und im Heinrich-Heine-Haus L\u00fcneburg<\/li>\n<li>&#8222;<span style=\"color: #9c0f3a;\">Ein Maler, der schreibt: Hans Platschek<\/span> Aus dem Nachlass\u201c<br \/>\nim Ernst Barlach Haus \u2013 Stiftung Hermann F. Reemtsma, Hamburg 30. M\u00e4rz bis 9. Juni 2003<\/li>\n<\/ul>\n<\/div><\/section><\/p>\n<\/div><\/div><\/div>\n","protected":false},"excerpt":{"rendered":"","protected":false},"featured_media":0,"comment_status":"closed","ping_status":"closed","template":"","tags":[],"portfolio_entries":[],"class_list":["post-1359","portfolio","type-portfolio","status-publish","hentry"],"_links":{"self":[{"href":"https:\/\/www.hans-platschek-stiftung.de\/index.php?rest_route=\/wp\/v2\/portfolio\/1359","targetHints":{"allow":["GET"]}}],"collection":[{"href":"https:\/\/www.hans-platschek-stiftung.de\/index.php?rest_route=\/wp\/v2\/portfolio"}],"about":[{"href":"https:\/\/www.hans-platschek-stiftung.de\/index.php?rest_route=\/wp\/v2\/types\/portfolio"}],"replies":[{"embeddable":true,"href":"https:\/\/www.hans-platschek-stiftung.de\/index.php?rest_route=%2Fwp%2Fv2%2Fcomments&post=1359"}],"version-history":[{"count":10,"href":"https:\/\/www.hans-platschek-stiftung.de\/index.php?rest_route=\/wp\/v2\/portfolio\/1359\/revisions"}],"predecessor-version":[{"id":4611,"href":"https:\/\/www.hans-platschek-stiftung.de\/index.php?rest_route=\/wp\/v2\/portfolio\/1359\/revisions\/4611"}],"wp:attachment":[{"href":"https:\/\/www.hans-platschek-stiftung.de\/index.php?rest_route=%2Fwp%2Fv2%2Fmedia&parent=1359"}],"wp:term":[{"taxonomy":"post_tag","embeddable":true,"href":"https:\/\/www.hans-platschek-stiftung.de\/index.php?rest_route=%2Fwp%2Fv2%2Ftags&post=1359"},{"taxonomy":"portfolio_entries","embeddable":true,"href":"https:\/\/www.hans-platschek-stiftung.de\/index.php?rest_route=%2Fwp%2Fv2%2Fportfolio_entries&post=1359"}],"curies":[{"name":"wp","href":"https:\/\/api.w.org\/{rel}","templated":true}]}}

<style type="text/css" data-created_by="avia_inline_auto" id="style-css-av-av_heading-4ac38b1f4b82edd36efea5e65fce227d">
#top .av-special-heading.av-av_heading-4ac38b1f4b82edd36efea5e65fce227d{
margin:0 -30px 0 0;
padding-bottom:10px;
}
body .av-special-heading.av-av_heading-4ac38b1f4b82edd36efea5e65fce227d .av-special-heading-tag .heading-char{
font-size:25px;
}
.av-special-heading.av-av_heading-4ac38b1f4b82edd36efea5e65fce227d .av-subheading{
font-size:15px;
}
</style>
<div  class='av-special-heading av-av_heading-4ac38b1f4b82edd36efea5e65fce227d av-special-heading-h3  avia-builder-el-0  el_before_av_layout_row  avia-builder-el-no-sibling  av-linked-heading'><h3 class='av-special-heading-tag'  itemprop="headline"  >Ausstellungen</h3><div class="special-heading-border"><div class="special-heading-inner-border"></div></div></div>
</div></div></div><!-- close content main div --></div></div><div id='av-layout-grid-1'  class='av-layout-grid-container av-1qm4hr-6439e3d1643f679b25303c51e40d2761 entry-content-wrapper main_color av-flex-cells  avia-builder-el-1  el_after_av_heading  avia-builder-el-last  grid-row-not-first  container_wrap fullsize'  >

<style type="text/css" data-created_by="avia_inline_auto" id="style-css-av-m5c1r-d064eadb0c6494bfd1161261dd777269">
.flex_cell.av-m5c1r-d064eadb0c6494bfd1161261dd777269{
vertical-align:top;
}
.responsive #top #wrap_all .flex_cell.av-m5c1r-d064eadb0c6494bfd1161261dd777269{
padding:30px 30px 30px 50px !important;
}
</style>
<div class='flex_cell av-m5c1r-d064eadb0c6494bfd1161261dd777269 av-gridrow-cell av_one_third no_margin  avia-builder-el-2  el_before_av_cell_one_third  avia-builder-el-first ' ><div class='flex_cell_inner'><p>
<style type="text/css" data-created_by="avia_inline_auto" id="style-css-av-av_heading-0c20d6d37c564f761cc6a2b9cb3aa509">
#top .av-special-heading.av-av_heading-0c20d6d37c564f761cc6a2b9cb3aa509{
margin:0 0 80px 0;
padding-bottom:50px;
}
body .av-special-heading.av-av_heading-0c20d6d37c564f761cc6a2b9cb3aa509 .av-special-heading-tag .heading-char{
font-size:25px;
}
.av-special-heading.av-av_heading-0c20d6d37c564f761cc6a2b9cb3aa509 .av-subheading{
font-size:15px;
}
</style>
<div  class='av-special-heading av-av_heading-0c20d6d37c564f761cc6a2b9cb3aa509 av-special-heading-h4  avia-builder-el-3  el_before_av_textblock  avia-builder-el-first  av-linked-heading'><h4 class='av-special-heading-tag'  itemprop="headline"  >International<br />
</h4><div class="special-heading-border"><div class="special-heading-inner-border"></div></div></div><br />
<section  class='av_textblock_section av-jr9ezqtj-7bf662452248a8dc95d79a59c2ff1783'  itemscope="itemscope" itemtype="https://schema.org/CreativeWork" ><div class='avia_textblock'  itemprop="text" ><ul>
<li>art Karlsruhe, seit 2008</li>
<li>Wanderausstellung in Dänemark, 1981,<br />
Kunsthalle Nikolaj, Kopenhagen und weitere Stationen</li>
<li>Graphik des Informel, Kunsthalle Nürnberg, 1975</li>
<li>European Art today, USA, 1959</li>
<li>documenta 2, Kassel, 1959</li>
<li>5. Biennale, São Paolo, 1959</li>
<li>Biennale Tokio, 1958</li>
<li>Biennale San Marino, 1958</li>
<li>XXIX. Biennale Venedig, 1958</li>
</ul>
</div></section></p>
</div></div>
<style type="text/css" data-created_by="avia_inline_auto" id="style-css-av-m5c1r-464fc51bb26b72810f56aabde5d79d93">
.flex_cell.av-m5c1r-464fc51bb26b72810f56aabde5d79d93{
vertical-align:top;
}
.responsive #top #wrap_all .flex_cell.av-m5c1r-464fc51bb26b72810f56aabde5d79d93{
padding:30px 30px 30px 30px !important;
}
</style>
<div class='flex_cell av-m5c1r-464fc51bb26b72810f56aabde5d79d93 av-gridrow-cell av_one_third no_margin  avia-builder-el-5  el_after_av_cell_one_third  el_before_av_cell_one_third ' ><div class='flex_cell_inner'><p>
<style type="text/css" data-created_by="avia_inline_auto" id="style-css-av-av_heading-77b4358acdcc508caf79be9b52de465d">
#top .av-special-heading.av-av_heading-77b4358acdcc508caf79be9b52de465d{
margin:0 0 40px 0;
padding-bottom:40px;
}
body .av-special-heading.av-av_heading-77b4358acdcc508caf79be9b52de465d .av-special-heading-tag .heading-char{
font-size:25px;
}
.av-special-heading.av-av_heading-77b4358acdcc508caf79be9b52de465d .av-subheading{
font-size:15px;
}
</style>
<div  class='av-special-heading av-av_heading-77b4358acdcc508caf79be9b52de465d av-special-heading-h4  avia-builder-el-6  el_before_av_textblock  avia-builder-el-first  av-linked-heading'><h4 class='av-special-heading-tag'  itemprop="headline"  >National</h4><div class="special-heading-border"><div class="special-heading-inner-border"></div></div></div><br />
<section  class='av_textblock_section av-jr9f1s3r-484dd514651801c01bef718b8a4987d1'  itemscope="itemscope" itemtype="https://schema.org/CreativeWork" ><div class='avia_textblock'  itemprop="text" ><ul>
<li>Westwendischer Kunstverein, Gartow, 2006</li>
<li>Galerie Alte Reichsvogtei, Schweinfurt, 2006</li>
<li>Ernst-Barlach-Haus – Stiftung Hermann F. Reemtsma, Hamburg, 2003</li>
<li>Sinclair-Haus, Bad Homburg vor der Höhe, 1999</li>
<li>Kunsthalle in Emden, Stiftung Henri und Eske Nannen, 1998/1999</li>
<li>Galerie Gabriele von Loeper, Hamburg und<br />
Galerie Eva Poll, Berlin, 1998</li>
<li>Galerie Walter Bischof, Stuttgart, 1993</li>
<li>Bawag Foundation, Wien 1993</li>
<li>Galerie Gabriele von Loeper, Hamburg, 1989</li>
<li>Museum Folkwang, Essen, 1988/89</li>
<li>Kunsthalle Kiel, 1988</li>
<li>Kunsthalle Rostock, 1988</li>
<li>Landesmuseum Oldenburg, 1961</li>
<li>Galerie van de Loo, München, 1959 und 1960<br />
(von da an regelmäßige Ausstellungen in der Galerie)</li>
<li>Märkisches Museum, Witten, 1955/58</li>
<li>Galerie van de Loo, München, 1957</li>
</ul>
</div></section></p>
</div></div>
<style type="text/css" data-created_by="avia_inline_auto" id="style-css-av-m5c1r-464fc51bb26b72810f56aabde5d79d93">
.flex_cell.av-m5c1r-464fc51bb26b72810f56aabde5d79d93{
vertical-align:top;
}
.responsive #top #wrap_all .flex_cell.av-m5c1r-464fc51bb26b72810f56aabde5d79d93{
padding:30px 30px 30px 30px !important;
}
</style>
<div class='flex_cell av-m5c1r-464fc51bb26b72810f56aabde5d79d93 av-gridrow-cell av_one_third no_margin  avia-builder-el-8  el_after_av_cell_one_third  avia-builder-el-last ' ><div class='flex_cell_inner'><p>
<style type="text/css" data-created_by="avia_inline_auto" id="style-css-av-av_heading-562184ce5fa6e509a532e9b6b9fca0c6">
#top .av-special-heading.av-av_heading-562184ce5fa6e509a532e9b6b9fca0c6{
margin:0 0 80px 0;
padding-bottom:40px;
}
body .av-special-heading.av-av_heading-562184ce5fa6e509a532e9b6b9fca0c6 .av-special-heading-tag .heading-char{
font-size:25px;
}
.av-special-heading.av-av_heading-562184ce5fa6e509a532e9b6b9fca0c6 .av-subheading{
font-size:15px;
}
</style>
<div  class='av-special-heading av-av_heading-562184ce5fa6e509a532e9b6b9fca0c6 av-special-heading-h4  avia-builder-el-9  el_before_av_textblock  avia-builder-el-first  av-linked-heading'><h4 class='av-special-heading-tag'  itemprop="headline"  ><br />
</h4><div class="special-heading-border"><div class="special-heading-inner-border"></div></div></div><br />
<section  class='av_textblock_section av-jr9f5230-2b0d7d9e9eebe26968b4f49efa976873'  itemscope="itemscope" itemtype="https://schema.org/CreativeWork" ><div class='avia_textblock'  itemprop="text" ><ul>
<li>Ausstellung in der <a href="https://galerie-friesen.de/">Galerie Margareta Friesen</a>/Dresden,<br />
vom 15. März bis 31 Mai 2014. Die Galerie zeigte in ihrer Frühjahrs-Verkaufsausstellung &#8222;Meistergrafik&#8220; neben Arbeiten von Picasso, Miró, Braque und Chagall auch eine Originalgrafik von Hans Platschek</li>
<li>Ausstellung vom 31. Januar bis 15. März 2009<br />
<span style="color: #9c0f3a;">Hans Platschek und seine Hamburger Freunde Florian Köhler, Heinz Glüsing und K.R.H. Sonderborg</span><br />
Museum für das Fürstentum Lüneburg und im Heinrich-Heine-Haus Lüneburg</li>
<li>&#8222;<span style="color: #9c0f3a;">Ein Maler, der schreibt: Hans Platschek</span> Aus dem Nachlass“<br />
im Ernst Barlach Haus – Stiftung Hermann F. Reemtsma, Hamburg 30. März bis 9. Juni 2003</li>
</ul>
</div></section></p>
</div></div></div>
